e 0 = -i*u + 2*r - 51, -4*u + 3*r - 45 = 24. Let f(k) = k**3 + 14*k**2 - 15*k + 22. List the prime factors of f(u).
2, 11
Let g(d) = -d**2 + 14*d + 14. Let u be g(14). Suppose -5*r + u = -16. Let z(b) = 4*b**2 + 6*b - 32. What are the prime factors of z(r)?
2, 37
What are the prime factors of (231/(-14))/(7 + 71997/(-10284))?
2, 11, 857
Suppose 5*a = -3*p + 403635, -3*a = -p - 300324 + 58129. What are the prime factors of a?
2, 3, 5, 13, 23
Suppose 4*f - 19 = 29. Let u be -38 + 1/(4/f). Let c = 120 + u. What are the prime factors of c?
5, 17
Let x(s) = 13*s**3 - 12*s**2 + 9*s - 68. Let d be x(4). Let v be 2 - (-1 + 7*48). Let a = d + v. List the prime factors of a.
5, 11
Let r(i) = 21098*i + 1868. List the prime factors of r(2).
2, 3, 17
Let x(c) = -c**3 - c**2 + 6*c + 1. Let t be x(-3). Let d(r) = 350*r**3 - r**2 - 3*r + 3. What are the prime factors of d(t)?
349
Let f be -3 - 0 - (126/9 + -8). List the prime factors of -9*(f + 1456/(-21)).
3, 5, 47
Let g(m) = 216*m**2 - 82*m + 1903. What are the prime factors of g(19)?
3, 26107
Suppose -b + 2*a = -20196, 5*b + a = 3*a + 100996. List the prime factors of b.
2, 5, 101
Suppose -202*v + 203*v - 4*g - 182 = 0, g = -4. What are the prime factors of v?
2, 83
Let a(c) = c**3 + 57*c**2 - 60*c + 245. What are the prime factors of a(-57)?
5, 733
Let o = 2706 - -3951. What are the prime factors of o?
3, 7, 317
Suppose -t = -8 - 13. Suppose -5*n + 3 = 4*s, 3*n = n + 5*s + t. Suppose 3*b + n = 5*z, -3*z + 7 = b - 2*z. List the prime factors of b.
2
Suppose -18898 = -5*x - b + 9252, 5630 = x + 4*b. What are the prime factors of x?
2, 5, 563
Suppose -x = -44*x + 23*x + 251240. List the prime factors of x.
2, 11, 571
Let v(a) = 3*a + 3. Let l be v(-1). Let q(c) = c**3 + c**2 - c + 90. Let i be q(l). Suppose d + 0*d = i. What are the prime factors of d?
2, 3, 5
Let m(g) = -g**2 + 25. Let j be m(-4). What are the prime factors of 18/3*1608/j?
2, 67
Let h(g) = g**3 + 10*g**2 - 35*g - 55. What are the prime factors of h(17)?
23, 311
Let y be 13/((-273)/261) - (-4)/(-7). Let s = y - -884. List the prime factors of s.
13, 67
Suppose 0 = 116*w - 111*w - 80. Suppose -11*f = -w*f + 285. List the prime factors of f.
3, 19
Suppose -2*i - 119705 + 31384 = -3*g, -4*g + 117760 = -2*i. What are the prime factors of g?
3, 3271
Suppose y + 418 = -183. Let q = -30 - y. List the prime factors of q.
571
Let u(q) = q**2 + 10*q - 2. Let i be u(-10). Let d be 3/i*10/9*-3. Suppose -b - 4*c + 164 = -c, -2*b + 350 = -d*c. What are the prime factors of b?
2, 5, 17
Suppose -5*u = -3*t + 49324, 72*t - 3*u + 32851 = 74*t. List the prime factors of t.
16433
Let g(k) = 3*k**3 - 18*k**2 - 12*k - 114. List the prime factors of g(15).
3, 41, 47
Suppose -t + i = -13143 - 1442, -2*t + i = -29166. List the prime factors of t.
7, 2083
Let k(y) = -y**2 - 7*y + 5. Let d be k(-7). Suppose d*z + 109 = 4*i + 921, 5*z - 818 = i. List the prime factors of z.
2, 41
Let q = 79 + -74. Let a(r) = 7*r**2 + 2*r - 13. List the prime factors of a(q).
2, 43
Let u = -46 + 46. Let y(g) = g**3 + 432. What are the prime factors of y(u)?
2, 3
Suppose -35*y - 3*t - 146960 = -39*y, 0 = -t + 8. What are the prime factors of y?
2, 19, 967
Let d(o) = 4*o**2 - 39*o + 81. Let k be d(-32). Suppose 12*x - 17*x + k = v, 2*v = -2*x + 2170. What are the prime factors of x?
5, 7, 31
What are the prime factors of (-47)/((-131)/(-75) + (-14)/175)*-145?
3, 29, 47
What are the prime factors of (-15 + 1173/85)*245*-42?
2, 3, 7
Let r be (-64 + (4 - 8))/(-2 - 0). Suppose -r*i = -30*i + 8. What are the prime factors of 0 + i + 1 - -13?
2, 3
Let s = 6763 + -336. List the prime factors of s.
6427
What are the prime factors of -9 - (-110720)/60*21?
17, 43, 53
Let y = -80 - -82. Suppose 230 = h + y*t, -3*h - 133 = -t - 809. List the prime factors of h.
2, 113
Let r = 23844 + -5204. List the prime factors of r.
2, 5, 233
Let t = 11863 - -10870. List the prime factors of t.
127, 179
Let b(f) = 102*f**2 - 44*f - 119. What are the prime factors of b(-17)?
7, 11, 17, 23
Let u be ((-49)/(-5))/((-14)/70). Let x(g) = 4*g + 259. What are the prime factors of x(u)?
3, 7
Let a be 6/8 - 110/(-88). Let p(k) = -11*k - 2*k - 4 + a - 23. What are the prime factors of p(-6)?
53
Let h(k) = -k**3 - 6*k**2 - 19*k + 64. What are the prime factors of h(-21)?
2, 3539
Let l = 23 - 8. List the prime factors of -2*l*32/(-10).
2, 3
Suppose -277*c = -315*c + 335312. List the prime factors of c.
2, 1103
Let l = 6937 + 2892. What are the prime factors of l?
9829
Suppose 69*o - 2694972 + 872682 = 0. What are the prime factors of o?
2, 5, 19, 139
Let f = -857 + 1645. Suppose -5*h - 524 = -3*b, 106 = 5*b + 2*h - f. List the prime factors of b.
2, 89
What are the prime factors of 239761/5 + -4 - ((-248)/(-40) - 7)?
3, 11, 1453
List the prime factors of (7 - (2/1 - -2)) + 17658 + -3.
2, 3, 109
Suppose -2*m - z = -4722, 5*m + 4*z + 5912 - 17723 = 0. Suppose -133 = -7*r + m. List the prime factors of r.
2, 89
Let z = 16769 - 15091. List the prime factors of z.
2, 839
Let x be 87/((-5)/(-95) + (1 - 1)). Suppose 0 = -4*y - 5*v + 55 + x, -3*y = v - 1270. List the prime factors of y.
2, 211
Let w be (0*(-3)/(-6))/(-4) + 2. Let c(u) = -2*u + 77*u**3 + 4*u**3 + 4 - u**w - 2*u. What are the prime factors of c(1)?
2, 5
Let p(u) = 25*u + 22. Let k be (-3)/(-12) + (-119)/28 - -15. List the prime factors of p(k).
3, 11
List the prime factors of (-40835)/(-2) + (71 + -75 - 14/(-4)).
17, 1201
Suppose -4*t = -5*d - 345, -5*d - 3*t - 234 = -2*d. Let w = 73 + d. Suppose 2*h - y = 225, w*h = 2*h + 2*y - 210. What are the prime factors of h?
2, 5, 11
Suppose -9 = d + 5*r, 3*d - 5*d - 11 = 3*r. Suppose 3*f - 4*j - 14 = j, -j + 34 = 4*f. List the prime factors of (-1)/d - (-246)/f.
31
Suppose -77 - 58 = -45*s. Suppose -5*b - i + 3319 = 0, -s*b = -7*b + 2*i + 2644. What are the prime factors of b?
3, 13, 17
Let v(s) = -s**2 + 5*s + 19. Let k be v(7). Suppose 2*w - w - 22 = 2*i, 4*i + 30 = -k*w. What are the prime factors of 44/((-35)/i + -3)?
2, 11
Let l(g) = -2*g + 5. Let a = 40 + -42. Let o be l(a). Suppose -315 + 1539 = o*s. What are the prime factors of s?
2, 17
Let p = 12208 + 8079. What are the prime factors of p?
20287
Suppose -232*r - 31*r + 2664690 = -53*r. List the prime factors of r.
12689
Let n = 39611 - -4790. What are the prime factors of n?
7, 6343
Let y = 38 + -28. Let a be 46/y + 40/100. Suppose -a*r + 5*b + 500 = 0, -5*b + 4 = -11. List the prime factors of r.
103
Suppose 12*o - 183348 = -185787 + 468039. List the prime factors of o.
2, 5, 97
Let q be (-13 + 1)*(-6)/(-18) - -5. What are the prime factors of (26 - -341)/(0 + q)?
367
Suppose 17*r - 283346 = 74374 - 64368. What are the prime factors of r?
2, 3, 719
Suppose -2*t = -2*i - 19094, -961*i = -4*t - 956*i + 38192. List the prime factors of t.
3, 3181
Let i(v) = -v**3 - 19*v**2 + 36*v - 7. Let p(t) = -3*t**2 - 2*t - 22. Let u be p(0). List the prime factors of i(u).
653
Let y(l) be the second derivative of 3*l**5/10 + l**4/12 - l**3/3 + 2*l**2 + 8*l - 7. List the prime factors of y(3).
13
Let c(r) = -r**2 + 9*r + 14. Let a be c(10). Suppose a*g = -67 + 79. What are the prime factors of (708/54*g)/(1/3)?
2, 59
List the prime factors of 40/15 + -2 - (-1938864)/36.
2, 7, 3847
Let y(h) = -29*h**3 + h**2 + h - 4. Let n be y(-2). List the prime factors of (-3 + (68/20)/1)*n.
2, 23
Let o = -17 + 20. Let n be 10*-194*((-3)/4)/o. Suppose 236 + 31 = 3*y - 5*v, -5*y - 5*v = -n. What are the prime factors of y?
2, 47
Let k(t) = 182*t**3 + 2*t**2 + 4 - t - 4 - 1. Let l = -129 - -130. List the prime factors of k(l).
2, 7, 13
Let o(n) = n**2 + 40*n + 32. Let q be o(-39). Let b(k) be the second derivative of k**4/12 - 2*k**3/3 + 25*k**2/2 - 5*k. List the prime factors of b(q).
2, 3, 17
Suppose -j - 21 = 4*v, 2*v - 24 = 2*j - 2. Let k = -19 - j. List the prime factors of (2/k)/((25/(-3345))/5).
223
Let h be ((6 - 1) + -3)*(-4)/1. List the prime factors of 4335/10 - h/(-16).
433
Let a(v) be the second derivative of v**4/2 + v**3 + 11*v**2/2 - 59*v. Let r be (-34)/6 - (-8)/12. What are the prime factors of a(r)?
131
Suppose -6*c - 25 - 641 = 0. Let n = 117 - c. List the prime factors of n.
2, 3, 19
Let c = 153 - 155. List the prime factors of -3 - 0 - 82*c.
7, 23
Suppose -d = 1, j - 72 = 